ate -1 + 1 + (-105 - -96) - -21.
12
What is the value of (-2 - -7) + 4 + -12?
-3
What is the value of (18 - 22) + (3 - 45) - -20?
-26
Calculate 7 + 7 + -3 + -7 + -8 + -12.
-16
What is 3 - 8 - -3 - (-76 + 81) - 5?
-12
Evaluate -10 + (26 - 3) + (6 - 5).
14
Calculate (7 - 4 - (7 + (9 - 16))) + 3.
6
Calculate 8 + -3 - 3 - -18 - 11.
9
Evaluate -7 + 14 + -4 + -17 + 9.
-5
Calculate 31 + 1 - (48 + -27).
11
-10 - (-6 + -12 + 22 + 7)
-21
What is -49 - (-55 - -14) - 7?
-15
What is the value of 4 - (23 + -22 + (3 - -4))?
-4
Evaluate (-1 + 8 + -19 - -11 - 12) + -3.
-16
What is 19 + 4 - 6 - (-202 + 183)?
36
Evaluate (-41 - (-66 + 35)) + 1.
-9
Evaluate -7 - (-20 + (-5 - -3) + (45 - 45)).
15
What is 1 - (-3 - ((-2 + -4 - -9) + -4))?
3
Calculate -17 + 2 + -4 + 9.
-10
What is (39 - 22) + 1 + -16?
2
What is 5 + (2 + 2 - 13 - -19)?
15
What is the value of -8 + 11 + (0 - (-7 - -2) - 3)?
5
Evaluate 9 - (-2 - -12 - (15 - 0)).
14
What is -13 + -9 + -1 + 5 + -4 + 1?
-21
What is the value of -22 - (-2 - (1 + (1 - 1)))?
-19
What is -14 - 3 - (22 - 31)?
-8
What is the value of 6 - ((3 - 7) + 19)?
-9
What is -2 - (-23 + (27 - 8))?
2
What is (64 + -127 - -60) + (-31 - (1 + 1))?
-36
Evaluate 3 + 4 + -2 + -36 + 34.
3
Calculate 5 - 0 - (-2 - ((0 - -8) + -20)).
-5
Calculate 36 - ((-12 - -28) + -4 + -5).
29
-7 + -9 + 19 + 0
3
Evaluate (-2 - -8 - 1) + -3 + 4 + -8.
-2
Evaluate (9 - 19) + (0 - 0) - (263 + -301).
28
Evaluate -7 + (-3 - -23) + -3 + 0.
10
-8 + -1 - (20 + -19) - (-13 - -7)
-4
Evaluate -22 + -13 + -4 + 21.
-18
What is the value of (-161 - -148 - (0 + -16)) + (2 - 1)?
4
What is (2 - -4) + -6 - (-1 - -5)?
-4
Evaluate -15 - -1 - ((5 + 13 - 17) + -3).
-12
-15 - 0 - (263 + -270)
-8
-4 + (-11 - (-3 + -17))
5
What is the value of (12 - -1) + 56 + -62?
7
Evaluate (10 - -2) + (-61 - 13 - -53).
-9
What is -5 + (7 - 14) - -6?
-6
Evaluate (-8 - -39) + (1 - 17) - 42.
-27
What is 4 + -16 + (6 - -4) + 7?
5
-6 - ((3 - 2) + -3 + 10 - 1)
-13
What is the value of 18 + 9 + (4 + -6 + 4 - 9)?
20
What is the value of (-11 - 1) + (-40 - (-45 - 1))?
-6
-1 + (-32 - -25) + (1 - 1)
-8
Calculate 122 + -145 + (2 - -14).
-7
What is the value of 147 + -177 + (5 - 5 - (2 + -5))?
-27
29 - (34 + 6) - (0 + -12)
1
(8 - 16) + -14 + 10 - (0 + 6)
-18
What is 9 + (11 + -28 - -6)?
-2
What is the value of (-6 + -3 - -14 - -6) + -7?
4
What is the value of 4 + -10 + -5 + (-88 - -77)?
-22
-9 + 4 - -11 - (-18 + 23)
1
Evaluate 4 + -14 + -27 + 22.
-15
Evaluate 20 - 26 - (-4 - 14 - 4).
16
What is the value of -3 + 5 + (12 - 16 - -1)?
-1
Calculate 17 - (10 + -5 + -4 + 4).
12
Evaluate -40 + 12 + (-2 - 12 - -15).
-27
2 + (5 - 15) + -4
-12
Calculate -2 + (-4 - 0 - (-10 - -2)) + -13.
-11
What is (-4 - (4 - (11 + -1 + 4))) + -8?
-2
Evaluate -2 - ((1 - 0) + (0 - 1) + 5).
-7
What is the value of -34 + -28 + 47 + 2?
-13
Evaluate -11 + 17 + 11 + -11 - (7 - 0).
-1
Calculate -1 - -1 - (-55 - -64).
-9
Calculate 3 - (-17 - -15) - -3.
8
Calculate (-42 + 29 - -15) + 21 + -1.
22
(18 + -16 - 6) + -9
-13
What is the value of -72 - -27 - -76 - 24?
7
What is the value of 0 + 8 + -11 + -1 + -14?
-18
What is 4 - (3 + 6 + -8) - (-8 - -21)?
-10
Calculate 9 - (-1 + 7 - (-22 + 34) - -50).
-35
What is 0 + 0 + (-1 - (-5 + 6)) - 0?
-2
10 + (9 + -49 - (12 - 0 - 22))
-20
(12 - (15 + -3)) + 17 + -38
-21
Calculate (6 - (15 - -4)) + -12 + 7.
-18
What is the value of (0 - 4) + (-4 + -15 - -8)?
-15
-9 + -7 - -4 - (-85 - -75)
-2
-1 + -2 + 2 + -1
-2
Evaluate -6 + (6 - (9 - 13)) - (2 - 0).
2
What is 0 + -49 - (-28 + 10)?
-31
Evaluate 5 + 1 + 28 + (-3 - 38) + 16.
9
What is the value of -5 - (-60 + 63 + -6 + -1)?
-1
What is (-15 - (-40 + 15)) + 20?
30
What is ((5 - 5) + -5 - 6) + 1 - -2?
-8
Calculate -47 + 4 + 7 + 12 + -4 + -6.
-34
Evaluate (20 - 4) + (10 - 20).
6
Calculate -6 + -34 + (10 - -16).
-14
-19 - -8 - (-7 - 5 - 3)
4
What is -33 + -2 - (-432 - -378)?
19
Calculate 79 - 101 - (-18 + -4).
0
What is the value of 3 + ((14 - (2 - -6)) + -4 - -14)?
19
(25 - 37) + (21 - 6)
3
What is -108 + 105 + (1 - 0)?
-2
What is -13 + -12 + 14 - 1?
-12
Evaluate (-9 - -1 - (50 + -60)) + (-1 - 13).
-12
-5 - (-18 - (-34 - (-3 - -19)))
-37
What is the value of 72 - 56 - ((1 - (3 + -2)) + 4)?
12
What is the value of -1 + 4 - (-14 + 2 - -23)?
-8
What is 1 + 11 + -14 - -11?
9
What is -28 + 7 + (-13 - (-4 + 2)) + 4?
-28
Evaluate -20 + -33 + 54 - (0 - -14).
-13
Evaluate 2 - ((16 - 9) + -10) - 2.
3
What is the value of (-2 + 1 - 5) + (14 - (-17 + 28))?
-3
What is -20 + 1 - (-200 + 179)?
2
Calculate -2 - (-4 + -5) - (-19 - (-41 + 24)).
9
What is (2 + 1 + 5 - 1) + -2 + 6?
11
What is -1 + -5 + -23 + (-1 - (-11 + 3))?
-22
Evaluate -4 + 6 + -2 + 5 + 5 - -9.
19
(-5 + -1 - -4) + (14 - -7)
19
Evaluate (-14 + 9 - -5 - (7 - -1)) + -12.
-20
What is the value of 15 + (-7 + (-15 - 9) - -15)?
-1
Calculate -2 - (5 - -6) - -22.
9
What is the value of (-441 - -406) + (24 - -1)?
-10
-18 - ((13 - (8 - 18)) + 2 + -14)
-29
Evaluate 16 + -11 + (-9 - 0).
-4
What is (34 - 17) + -73 + 37?
-19
What is -11 - (-18 + -2 + 4 + -12)?
17
2 - (8 - (7 + -1)) - -3
3
-17 - (-44 - -35 - (-9 - 0))
-17
What is 11 + -10 - -22 - 13?
10
12 + (13 - (4 + 7)) + 4 + 7
25
15 + 0 + (12 + -10 + -3 - -4)
18
-20 + 29 + (2 - 4) + (-2 - 1)
4
Calculate -37 + 0 - (72 + (-30 - 58)).
-21
13 + -14 - 24 - -19
-6
What is -24 + 22 + -11 + 0?
-13
Calculate 12 + 0 + -5 + (0 - 5 - -3).
5
What is the value of (1 + -7 + -6 - (-1 + -6)) + -4?
-9
What is (-1 - (2 - 13)) + (377 - 396)?
-9
What is the value of (-44 - (7 + (0 - 4))) + -1 + 11?
-37
2 + -4 + 7 - (-22 - -5 - -14)
8
Calculate 11 + 24 - 33 - (4 + 0 + -1).
-1
What is the value of -14 + -9 + 23 - (8 + -1 - -2)?
-9
What is the value of (4 - 3) + 73 + -86?
-12
Evaluate -7 + 1 + (-61 - -55).
-12
24 + 46 + -17 + -29
24
Calculate (-2 - 1 - -5) + (-5 - (-2 - -7)).
-8
Calculate 13 + (-13 - -7 - -3).
10
Calculate 5 - (-4 + 3 + -3 + -126 + 121).
14
Calculate -4 - ((-6 - 7 - -11) + -7).
5
Evaluate (-24 - -19) + 23 + -25.
-7
What is the value of (-3 - 2) + (14 - 13) + 10?
6
-22 + -27 - (-16 - -1 - 1)
-33
What is 6 - (27 + -5) - -25?
9
1 + -1 + (18 + -4 - 2)
12
34 + (-10 + 20 + -2 - (23 + -9))
28
Calculate -21 + 18 + -9 + (9 - 5).
-8
Calculate 3 - (4 - (-7 + (13 - 8))) - 3.
-6
What is 27 + -21 - (10 + -5)?
1
What is (1 - 2) + 49 + -49?
-1
8 - 12 - -11 - ((2 - 6) + 8)
3
What is the value of (38 - 38) + 2 + -8?
-6
What is the value of -8 - (27 - (57 - 36))?
-14
Calculate (-4 - -2) + (1 - (-22 + 11) - 16).
-6
-4 - ((4 - 2) + -3)
-3
What is 6 + 3 + -7 + 2 - (10 - 6)?
0
Calculate (-7 - -4 - -5 - 6) + (-17 - -7).
-14
What is -5 - (-20 - (-3 + -17))?
-5
What is -16 - -15 - (6 + -13) - (1 + 5)?
0
-1 + -2 + (0 - 7 - (-9 + 1))
-2
What is (-9 - (22 - 11)) + 14?
-6
0 + (-1 - (5 - 7) - 2)
-1
Calculate 11 - -5 - (11 + 1 + -13).
17
Calculate (-7 - 18) + 9 - (3 + -21).
2
What is the value of -2 + 1 + (-1 - 1) - (1281 + -1279)?
-5
Calculate -33 - -24 - (0 - (-1 + 0)).
-10
-53 + 18 - -15 - -11
-9
What is -16 - ((6 - 1) + (-72 - -60))?
-9
What is the value of 5 + -2 + -40 - (7 + (-9 - 8))?
-27
Calculate 6 + -6 + (-7 - -15).
8
-7 + -22 + 12 + 8 + 27
18
Evaluate -1 + 1 - (25 + 13 + -46).
8
Calculate -10 + 7 + 5 + (9 - (-1 + 2)).
10
Evaluate 19 + (-3 - (-4 - 2)) - (5 - -1).
16
What is 10 + 1 - (-4 - (-32 + 5))?
-12
What is the value of 48 + -3 + (20 - 16) - (-1 + 10)?
40
What is the value of -61 + 77 + (-25 - 21)?
-30
Calculate 9 - ((-2 - 0) + 6 + -124 + 119).
10
2 - 2 - (-3 + -3 - (-5 + 5))
6
Evaluate -9 - -16 - -6 - 27.
-14
27 - 27 - -9 - 14
-5
What is (8 - 3) + -12 - (-4 + -10)?
7
Evaluate -49 + (-8 - -58) + 1 + 0 + -16.
-14
What is the value of (0 - -9) + (4 - 13) + -11?
-11
Evaluate -1 + (-11 + 0 + 12 + -2 - 9).
-11
What is the value of 7 + (2 - (-11 + 6)) - 3?
11
What is 1 - ((-2 - -3 - 5) + 4) - 8?
-7
What is 6 - (-9 + 11 + 7) - (8 - 6)?
-5
Calculate -19 + -20 + 48 + 6.
15
Evaluate 1 + -3 + -12 + 5 + 11.
2
Calculate 4 + (11 - 3 - 25 - -8).
-5
What is the value of (5 - (-3 + 10)) + 6 - 3?
1
What is the value of 27 - (-11 + 37 + -13)?
14
What is 15 + 0 + 1 + (17 - (5 - -18))?
10
-6 - ((12 - -18) + -18) - -22
4
(-2 - (-11 + -2)) + -7
4
Calculate -5 + (-10 - (-27 - 17)).
29
Evaluate 3 + 8 + (4 - 12) - (0 + -1).
4
What is the value of -107 - -113 - (3 - -5 - 0)?
-2
What is the value of 20 - ((264 - 259) + (0 - 5) + -1